{"id":2331,"date":"2022-01-04T12:05:23","date_gmt":"2022-01-04T11:05:23","guid":{"rendered":"https:\/\/arkamaluszka.pl\/?page_id=2331"},"modified":"2022-06-20T11:05:31","modified_gmt":"2022-06-20T09:05:31","slug":"deklaracja-dostepnosci","status":"publish","type":"page","link":"https:\/\/arkamaluszka.pl\/?page_id=2331","title":{"rendered":"Deklaracja dost\u0119pno\u015bci"},"content":{"rendered":"<div class=\"fusion-fullwidth fullwidth-box fusion-builder-row-1 fusion-flex-container nonhundred-percent-fullwidth non-hundred-percent-height-scrolling\" style=\"--awb-border-radius-top-left:0px;--awb-border-radius-top-right:0px;--awb-border-radius-bottom-right:0px;--awb-border-radius-bottom-left:0px;--awb-flex-wrap:wrap;\" ><div class=\"fusion-builder-row fusion-row fusion-flex-align-items-flex-start fusion-flex-content-wrap\" style=\"max-width:1289.6px;margin-left: calc(-4% \/ 2 );margin-right: calc(-4% \/ 2 );\"><div class=\"fusion-layout-column fusion_builder_column fusion-builder-column-0 fusion_builder_column_1_1 1_1 fusion-flex-column\" style=\"--awb-bg-size:cover;--awb-width-large:100%;--awb-margin-top-large:0px;--awb-spacing-right-large:1.92%;--awb-margin-bottom-large:0px;--awb-spacing-left-large:1.92%;--awb-width-medium:100%;--awb-spacing-right-medium:1.92%;--awb-spacing-left-medium:1.92%;--awb-width-small:100%;--awb-spacing-right-small:1.92%;--awb-spacing-left-small:1.92%;\"><div class=\"fusion-column-wrapper fusion-flex-justify-content-flex-start fusion-content-layout-column\"><div class=\"fusion-text fusion-text-1\" style=\"--awb-text-transform:none;\"><h2>Deklaracja dost\u0119pno\u015bci &#8211;\u00a0 Gminny \u017b\u0142obek \u201eArka Maluszka\u201d w Kolonii Ko\u0142\u0142\u0105taja<\/h2>\n<p id=\"a11y-wstep\">Gminny \u017b\u0142obek \u201eArka Maluszka\u201d mieszcz\u0105cy si\u0119 w miejscowo\u015bci Kolonia Ko\u0142\u0142\u0105taja zobowi\u0105zuje si\u0119 zapewni\u0107 dost\u0119pno\u015b\u0107 swojej strony internetowej zgodnie z ustaw\u0105 z dnia 4 kwietnia 2019 r. o dost\u0119pno\u015bci cyfrowej stron internetowych i aplikacji mobilnych podmiot\u00f3w publicznych. O\u015bwiadczenie w sprawie dost\u0119pno\u015bci ma zastosowanie do strony internetowej BIP Urz\u0119du Gminy Chojn\u00f3w <a id=\"a11y-url\" href=\"http:\/\/www.arkamaluszka.pl\" target=\"_blank\" rel=\"noopener\">\u017b\u0142obek Arka Maluszka<\/a>.<\/p>\n<ul>\n<li>Data publikacji strony internetowej: <time id=\"a11y-data-publikacja\" datetime=\"2015-05-01\">2022-06-20<\/time><\/li>\n<li>Data ostatniej istotnej aktualizacji:\u00a0<time id=\"a11y-data-publikacja\" datetime=\"2015-05-01\">2022-06-20<\/time><\/li>\n<\/ul>\n<h2>Status pod wzgl\u0119dem zgodno\u015bci z ustaw\u0105<\/h2>\n<p>Strona internetowa jest <strong id=\"a11y-status\">cz\u0119\u015bciowo zgodna<\/strong> z ustaw\u0105 z dnia 4 kwietnia 2019 r. o dost\u0119pno\u015bci cyfrowej stron internetowych i aplikacji mobilnych podmiot\u00f3w publicznych z powodu niezgodno\u015bci lub wy\u0142\u0105cze\u0144 wymienionych poni\u017cej:<\/p>\n<ul>\n<li>filmy nie posiadaj\u0105 napis\u00f3w dla os\u00f3b nies\u0142ysz\u0105cych i g\u0142uchych,<\/li>\n<li>cz\u0119\u015b\u0107 plik\u00f3w nie jest dost\u0119pnych cyfrowo,<\/li>\n<li>brak odpowiedniej struktury nag\u0142\u00f3wkowej artyku\u0142\u00f3w,<\/li>\n<\/ul>\n<p>Wy\u0142\u0105czenia:<\/p>\n<ul>\n<li>mapy s\u0105 wy\u0142\u0105czone z obowi\u0105zku zapewniania dost\u0119pno\u015bci,<\/li>\n<li>filmy zosta\u0142y opublikowane przed wej\u015bciem w \u017cycie ustawy o dost\u0119pno\u015bci cyfrowej<\/li>\n<\/ul>\n<h3>Przygotowanie deklaracji w sprawie dost\u0119pno\u015bci<\/h3>\n<ul>\n<li>Deklaracj\u0119 sporz\u0105dzono dnia: <time id=\"a11y-data-sporzadzenie\" datetime=\"2020-09-21\">2021-12-20<\/time><\/li>\n<li>Deklaracj\u0119 zosta\u0142a ostatnio poddana przegl\u0105dowi i aktualizacji dnia: <time id=\"a11y-data-deklaracja-przeglad\" datetime=\"2020-09-21\">2022-01-10<\/time><\/li>\n<\/ul>\n<p>Deklaracj\u0119 sporz\u0105dzono na podstawie samooceny<br \/>\nE-mail: zlobek.arkamaluszka@gmina-chojnow.pl<br \/>\nTelefon: 669\u00a0525\u00a0535<\/p>\n<h2 id=\"a11y-kontakt\">Informacje zwrotne i dane kontaktowe<\/h2>\n<p id=\"a11y-procedura\"><strong>Ka\u017cdy ma prawo:<\/strong><\/p>\n<ul>\n<li>zg\u0142osi\u0107 uwagi dotycz\u0105ce dost\u0119pno\u015bci cyfrowej strony lub jej elementu,<\/li>\n<li>zg\u0142osi\u0107 \u017c\u0105danie zapewnienia dost\u0119pno\u015bci cyfrowej strony lub jej elementu,<\/li>\n<li>wnioskowa\u0107 o udost\u0119pnienie niedost\u0119pnej informacji w innej alternatywnej formie.<\/li>\n<\/ul>\n<p><strong>\u017b\u0105danie musi zawiera\u0107:<\/strong><\/p>\n<ul>\n<li>dane kontaktowe osoby zg\u0142aszaj\u0105cej,<\/li>\n<li>wskazanie strony lub elementu strony, kt\u00f3rej dotyczy \u017c\u0105danie,<\/li>\n<li>wskazanie dogodnej formy udost\u0119pnienia informacji, je\u015bli \u017c\u0105danie dotyczy udost\u0119pnienia w formie alternatywnej informacji niedost\u0119pnej.<\/li>\n<\/ul>\n<p>Koordynatorem ds. dost\u0119pno\u015bci jest Rados\u0142aw Rokita, e-mail: r.rokita@zlobek.gmina-chojnow.pl lub zlobek.arkamaluszka@gmina-chojnow.pl. Kontaktowa\u0107 mo\u017cna si\u0119 tak\u017ce dzwoni\u0105c na numer telefonu 669 525 535. T\u0105 sam\u0105 drog\u0105 mo\u017cna sk\u0142ada\u0107 wnioski o udost\u0119pnienie informacji niedost\u0119pnej oraz sk\u0142ada\u0107 \u017c\u0105dania zapewnienia dost\u0119pno\u015bci.<\/p>\n<p>W przypadku problem\u00f3w technicznych z dost\u0119pno\u015bci\u0105 strony internetowej prosimy o kontakt. Osob\u0105 kontaktow\u0105 jest: Micha\u0142 Rybczy\u0144ski numer tel. 606\u00a0728\u00a0930.<br \/>\nRozpatrzenie zg\u0142oszenia powinno nast\u0105pi\u0107 niezw\u0142ocznie, najp\u00f3\u017aniej w ci\u0105gu 7 dni. Je\u015bli w tym terminie zapewnienie dost\u0119pno\u015bci albo zapewnienie dost\u0119pu w alternatywnej formie nie jest mo\u017cliwe, powinno nast\u0105pi\u0107 najdalej w ci\u0105gu 2 miesi\u0119cy od daty zg\u0142oszenia.<\/p>\n<h3>Skargi i odwo\u0142ania<\/h3>\n<p>Za niedotrzymanie tych termin\u00f3w oraz za odmow\u0119 realizacji \u017c\u0105dania mo\u017cna z\u0142o\u017cy\u0107 skarg\u0119 do organu nadzoruj\u0105cego poczt\u0105 lub drog\u0105 elektroniczn\u0105 na adres:<\/p>\n<ul>\n<li>Organ nadzoruj\u0105cy: <strong>Dyrektor Gminnego \u017b\u0142obka \u201eArka Maluszka\u201d<\/strong><\/li>\n<li>Adres: <strong>Kolonia Ko\u0142\u0142\u0105taja 47F, 59-225 Chojn\u00f3w<\/strong><\/li>\n<li>E-mail: <strong>zlobek.arkamaluszka@gmina-chojnow.pl<\/strong><\/li>\n<li>Telefon: <strong>669 525 535<\/strong><\/li>\n<\/ul>\n<p>Po wyczerpaniu wskazanej wy\u017cej procedury mo\u017cna tak\u017ce z\u0142o\u017cy\u0107 wniosek do Rzecznika Praw Obywatelskich.<\/p>\n<p>Skarg\u0119 mo\u017cna z\u0142o\u017cy\u0107 r\u00f3wnie\u017c do <a href=\"https:\/\/www.rpo.gov.pl\/content\/jak-zglosic-sie-do-rzecznika-praw-obywatelskich\">Rzecznika Praw Obywatelskich<\/a>.<\/p>\n<h2>Dost\u0119pno\u015b\u0107 architektoniczna<\/h2>\n<p>Gminny \u017b\u0142obek \u201eArka Maluszka\u201d Kolonia Ko\u0142\u0142\u0105taja 47F, 59-225 Chojn\u00f3w. Budynek jest przystosowany do u\u017cytkowania przez osoby z niepe\u0142nosprawno\u015bciami.<\/p>\n<ul>\n<li>Budynek Gminnego \u017b\u0142obka \u201eArka Maluszka\u201d zosta\u0142 przystosowany do potrzeb os\u00f3b poruszaj\u0105cych si\u0119 na w\u00f3zkach inwalidzkich.<\/li>\n<li>Zaprojektowano pochylni\u0119 przy wej\u015bciu umo\u017cliwiaj\u0105c\u0105 dost\u0119p do budynku. Wewn\u0105trz nie wyst\u0119puj\u0105 \u017cadne progi.<\/li>\n<li>W budynku zaprojektowano g\u0142\u00f3wne wej\u015bcie do \u017c\u0142obka oraz oddzielne wej\u015bcie do cz\u0119\u015bci kuchni.<\/li>\n<li>Budynek jest parterowy \u2013 jednopoziomowy, niepodpiwniczony nie posiada wind, platform, informacji g\u0142osowych, p\u0119tli indukcyjnych. W korytarzach budynku znajduj\u0105 si\u0119 standardowe przej\u015bcia, z kt\u00f3rych mog\u0105 korzysta\u0107 osoby niepe\u0142nosprawne.<\/li>\n<li>Aby wej\u015b\u0107 do budynku nale\u017cy wybra\u0107 odpowiedni przycisk na domofonie i poczeka\u0107 na zg\u0142oszenie.<\/li>\n<li>Do \u017c\u0142obka mo\u017ce wej\u015b\u0107 osoba z psem asystuj\u0105cym.<\/li>\n<li>W \u017c\u0142obku nie ma mo\u017cliwo\u015bci skorzystania z t\u0142umacza j\u0119zyka migowego na miejscu lub on-line.<\/li>\n<li>W budynku nie ma oznacze\u0144 w alfabecie Braila ani oznacze\u0144 kontrastowych lub w druku powi\u0119kszonym dla os\u00f3b niewidomych i s\u0142abowidz\u0105cych.<\/li>\n<li>Jedna toaleta og\u00f3lnodost\u0119pna przystosowana jest do potrzeb os\u00f3b niepe\u0142nosprawnych poprzez zachowanie normatywnych wymiar\u00f3w pomieszczenia oraz zastosowanie pochwyt\u00f3w u\u0142atwiaj\u0105cych korzystanie z urz\u0105dze\u0144 sanitarnych.<\/li>\n<\/ul>\n<h2>U\u0142atwienia<\/h2>\n<p>U\u0142atwienia na stronie internetowej www.arkamaluszka.pl<br \/>\nStrona internetowa www.arkamaluszka.pl posiada nast\u0119puj\u0105ce u\u0142atwienia:<\/p>\n<p>Zgodno\u015b\u0107 ze standardami&#8221;<br \/>\nSerwis jest zgodny ze standardami W3C:<br \/>\nHTML 5<br \/>\nWCAG 2.0 (poziom AA)<\/p>\n<h3>\u2028Kompatybilno\u015b\u0107<\/h3>\n<p>Serwis jest w pe\u0142ni rozpoznawalny przez programy czytaj\u0105ce dla os\u00f3b niewidomych.\u2028 Stron\u0119 mo\u017cna przegl\u0105da\u0107 na ekranach urz\u0105dze\u0144 mobilnych, takich jak telefony kom\u00f3rkowe i tablety. \u2028Gminny \u017b\u0142obek \u201eArka Maluszka\u201d w Kolonii Ko\u0142\u0142\u0105taja nie oferuje oddzielnej aplikacji mobilnej.\u2028 Obs\u0142uga serwisu mo\u017cliwa jest zar\u00f3wno przy pomocy klawiatury jak i myszki.<\/p>\n<h3>\u2028Wygl\u0105d<\/h3>\n<p>Serwis jest wyposa\u017cony w mechanizmy u\u0142atwiaj\u0105ce przegl\u0105danie tre\u015bci przez osoby niedowidz\u0105ce.:<\/p>\n<ul>\n<li>zmiana wielko\u015bci czcionki,<\/li>\n<li>zmiana kontrastu,<\/li>\n<li>wi\u0119kszo\u015b\u0107 z grafik zosta\u0142a opatrzona atrybutem alt z opisem,<\/li>\n<\/ul>\n<\/div><\/div><\/div><\/div><\/div>\n","protected":false},"excerpt":{"rendered":"","protected":false},"author":1,"featured_media":0,"parent":0,"menu_order":0,"comment_status":"closed","ping_status":"closed","template":"","meta":{"footnotes":""},"class_list":["post-2331","page","type-page","status-publish","hentry"],"_links":{"self":[{"href":"https:\/\/arkamaluszka.pl\/index.php?rest_route=\/wp\/v2\/pages\/2331","targetHints":{"allow":["GET"]}}],"collection":[{"href":"https:\/\/arkamaluszka.pl\/index.php?rest_route=\/wp\/v2\/pages"}],"about":[{"href":"https:\/\/arkamaluszka.pl\/index.php?rest_route=\/wp\/v2\/types\/page"}],"author":[{"embeddable":true,"href":"https:\/\/arkamaluszka.pl\/index.php?rest_route=\/wp\/v2\/users\/1"}],"replies":[{"embeddable":true,"href":"https:\/\/arkamaluszka.pl\/index.php?rest_route=%2Fwp%2Fv2%2Fcomments&post=2331"}],"version-history":[{"count":2,"href":"https:\/\/arkamaluszka.pl\/index.php?rest_route=\/wp\/v2\/pages\/2331\/revisions"}],"predecessor-version":[{"id":2587,"href":"https:\/\/arkamaluszka.pl\/index.php?rest_route=\/wp\/v2\/pages\/2331\/revisions\/2587"}],"wp:attachment":[{"href":"https:\/\/arkamaluszka.pl\/index.php?rest_route=%2Fwp%2Fv2%2Fmedia&parent=2331"}],"curies":[{"name":"wp","href":"https:\/\/api.w.org\/{rel}","templated":true}]}}